re the prime factors of r?
5, 11
Suppose -50 = x + 4*x. Let t = -57 - x. Let s = -23 - t. List the prime factors of s.
2, 3
Suppose 5*t + 3*d = 11, -3*d + 3 = 3*t - 0*d. Let g be ((-8)/10)/(t/(-10)). List the prime factors of g/11 + 1308/66.
2, 5
Let r = -643 + 1596. List the prime factors of r.
953
Suppose -1713 = -12*n + 4203. What are the prime factors of n?
17, 29
Let k = 184 - -168. What are the prime factors of k?
2, 11
Suppose -5*y = -5*b + 50, 2*y + 6 = b - 8. Suppose -b*i + 2*i = 56. List the prime factors of (-536)/i - (-4)/(-14).
2, 19
Let h = 1126 - 275. List the prime factors of h.
23, 37
Let y = 358 + -24. What are the prime factors of y?
2, 167
Suppose -38*d + 16884 = -20*d. List the prime factors of d.
2, 7, 67
Let c = 17 + -5. Let m = -8 + c. Suppose m*l - 69 = l. What are the prime factors of l?
23
Suppose 3*r + 5*i - 7682 = 0, 0*r = r + i - 2558. What are the prime factors of r?
2, 1277
Let o = 1483 - 889. Let w be o/(-77) + (-4)/14. List the prime factors of -2 - (-1 + (w - 1)).
2
Let l(g) = 3*g**2 + g. Let m be l(-1). Let x(z) = 227*z**m - 224*z**2 + 5 + z + 7*z. List the prime factors of x(-5).
2, 5
Suppose 0 = i + 14 - 39. Suppose 6*t - i = 311. What are the prime factors of t?
2, 7
Suppose -5*c + g + 19 = 0, c = -4*c - 5*g + 25. Suppose -5*w + 160 = p + c*p, 0 = 3*p - 4*w - 96. What are the prime factors of 0 + -2 + 3 + p?
3, 11
Let f = 15 - 53. Let u = 16 - f. What are the prime factors of u?
2, 3
Let q(f) = 3*f + 4 + 0*f - 4*f. Let o be q(4). Suppose o*b + 48 = 2*b. List the prime factors of b.
2, 3
Suppose 12*y - 10 = 17*y. Let k be 33*(2 + (-6)/y). List the prime factors of k/20*(-32)/(-6).
2, 11
Let i be (119/(-2))/(-7) - 3/(-6). Let k = i - -18. List the prime factors of k.
3
Suppose 15*d - 10610 - 22795 = 0. List the prime factors of d.
17, 131
What are the prime factors of (120 - -992)*(-1)/(-2)?
2, 139
Let k = -17 - -22. Let j be (4/3)/(k/30). Let n(w) = w**2 - 2*w - 4. What are the prime factors of n(j)?
2, 11
Suppose 4 - 16 = -6*l. Let j(z) = 75*z - 17. What are the prime factors of j(l)?
7, 19
List the prime factors of 1*(-2 + (3313 - (-1 + -1))).
3313
What are the prime factors of 12/(0 - -6) - -315?
317
Let u(v) = -2*v**3 - 3*v**2 + v - 30. Let l be u(-6). Suppose -q + l = -3*h + 690, 2*h + 3*q - 257 = 0. What are the prime factors of h?
7, 19
Suppose 64 = b + 3*b. Suppose 3*m - 58 = 5*r + 81, 0 = 3*r - m + 81. Let i = b - r. What are the prime factors of i?
2, 3, 7
Let w be (2 - (-5)/(-15))*-3. List the prime factors of ((-10)/(-8))/(w/(-260)).
5, 13
Let h = 102 - 196. Let w = -26 - h. What are the prime factors of w?
2, 17
Let m = 201 - -190. List the prime factors of m.
17, 23
What are the prime factors of 10/((2/(-3))/((-476)/85))?
2, 3, 7
Suppose 0 = 2*m - w - 1356, -m = -2*m - w + 684. List the prime factors of m.
2, 5, 17
Let w(s) = -7*s - 12. Suppose 20 = 4*d, 3*z + 8 = 4*d - 3. Suppose 7*p = z*p - 48. List the prime factors of w(p).
2, 3
Let y be (0/3)/(-4 - -2). Suppose x + 2*g - 327 + 85 = y, 3*x = -4*g + 720. List the prime factors of x.
2, 59
Suppose -2*d - 29 + 35 = 0. Suppose 0 = -d*h + 2*h + 113. What are the prime factors of h?
113
Suppose -2*s + 3*m + 338 = 5*m, 167 = s - m. Suppose -o - 2*o + s = 0. What are the prime factors of o?
2, 7
Let w = 8925 + -5992. What are the prime factors of w?
7, 419
Let y = -49 - -50. What are the prime factors of (9/3 - 1) + 79 + y?
2, 41
Let p = -36 - -36. Suppose 3*t + 4*t - 364 = p. List the prime factors of t.
2, 13
Suppose -2*g - 71 = -43. Let a(p) = -25*p. Let k be a(1). Let s = g - k. List the prime factors of s.
11
Let f = -135 + 535. List the prime factors of f.
2, 5
Let w(u) be the first derivative of -u**4/4 + 11*u**3/3 - 2*u**2 + 2*u + 11. What are the prime factors of w(10)?
2, 31
Suppose -4*f + 26 = 3*z - 75, -z + 27 = -2*f. Let b be (6/(-8))/(2/56). Let v = z + b. What are the prime factors of v?
2, 5
Let c(q) = q**3 + q**2 + 11*q + 9. Let x(w) = 2*w**2 + 11*w - 2. Let m be x(-6). List the prime factors of c(m).
7, 19
Let f = -54 + 2. Let k = f - -111. List the prime factors of k.
59
Suppose 0 = -3*o + 9*f - 4*f + 3985, -5356 = -4*o - 4*f. List the prime factors of o.
3, 5, 89
Let t(b) = b**2 - 9. Let x = 38 + -30. Let h be t(x). Suppose -o + 4*y + 77 = 2*o, 2*o = -y + h. List the prime factors of o.
3
Suppose -9*c + 3*c = 240. List the prime factors of (250/c)/((-2)/16).
2, 5
Let r be ((-5)/2)/((-20)/40). Suppose -r*u - 4*u + 1206 = 0. What are the prime factors of u?
2, 67
Let s(z) = -5*z**3 - 15*z**2 - 10*z - 8. What are the prime factors of s(-7)?
2, 521
Suppose 0 = 5*t + b - 59, -3*t + 0*b = 2*b - 41. Suppose 5*v = -t + 36, -4*g - v = -289. What are the prime factors of g?
71
Suppose -5*h = 3*h - 8544. What are the prime factors of 2/(-3) + h/9?
2, 59
Suppose 5*h + 2*x = 68, -x = 2*h - 9 - 19. Suppose -16*m + 2142 = -23*m. What are the prime factors of (0 - 2)*m/h?
3, 17
What are the prime factors of (-34895)/(-14) - 4*3/24?
2, 7, 89
Suppose 2*s - 6*s = 0. Suppose y - 42 - 99 = s. Suppose -2*b + 68 = -2*n, 2*n + y = 4*b + 3*n. List the prime factors of b.
5, 7
List the prime factors of 13/52*94*35*2.
5, 7, 47
Suppose 8*y - 80 = 4*y. Suppose y - 275 = 5*r. What are the prime factors of 72/6*r/(-12)?
3, 17
List the prime factors of ((-143)/11 + 15)/(4/2082).
3, 347
Suppose -n + 40 = 2*r, 0*n + 2*r - 190 = -4*n. Let i = n - 42. What are the prime factors of i?
2
Suppose 20 + 12 = 3*u + 4*i, 0 = -3*u + 4*i + 16. List the prime factors of (2/4)/(u/1168).
73
Suppose 312*g - 317*g + 4055 = 0. What are the prime factors of g?
811
Let r be (-2 - -4)*(-2)/(-4). Let p be 3/2*4/r. Suppose -2*i = -p - 24. What are the prime factors of i?
3, 5
Let n = 69 + -70. Let d(m) = 120*m**2 - 7*m - 8. List the prime factors of d(n).
7, 17
Let f(x) = x**3 + 22*x**2 + 3*x + 127. What are the prime factors of f(-22)?
61
Suppose -36 = -y + 14. Let j = -30 + y. What are the prime factors of j?
2, 5
Let a = -298 + 1451. What are the prime factors of a?
1153
Let s(y) = y**2 - 7*y + 5. Suppose 3*m - 19 + 7 = 0. Let t be s(m). Let o(c) = c**2 + 3*c + 1. What are the prime factors of o(t)?
29
Suppose 11165 = 13*m - 9856. What are the prime factors of m?
3, 7, 11
Let x = -31 + 35. Suppose 5*g - f - 459 = g, -3*f - 465 = -x*g. List the prime factors of g.
2, 3, 19
Suppose -14*o + 922 = -11*o - d, -5*o = 5*d - 1570. List the prime factors of o.
3, 103
Let p(m) = -m**3 - 3. Let k be p(-2). Suppose -5*j + 0*j + 408 = 3*d, -3*d + 378 = -k*j. List the prime factors of d.
131
Suppose -86*l - 23616 = -110*l. List the prime factors of l.
2, 3, 41
Let q be (-4 - (-4 + 1)) + -6. Let u = -5 - q. Let x = 5 + u. What are the prime factors of x?
7
Let t be 21/(-63) - ((-227)/(-3) - -2). Let k = 104 + t. What are the prime factors of k?
2, 13
Let z = -10 - -26. Let v be (z/(-12))/((-2)/138). Suppose 0 = -n + 5*n - v. What are the prime factors of n?
23
Let l(j) = 39*j - 23. Let t(s) = 19*s - 12. Let u(y) = -6*l(y) + 13*t(y). What are the prime factors of u(3)?
3, 7
List the prime factors of (-686)/(-147)*(-2 + (-5241)/(-6)).
7, 83
Let q be (-10 - -9) + (-1 - -21). Suppose -2*v + 133 = q. What are the prime factors of v?
3, 19
Suppose -2 + 17 = 5*n. Suppose -15 = -8*s + n*s. Suppose -6*q + s*q = -114. List the prime factors of q.
2, 19
Suppose -5*p + 163 + 48 = -3*q, 4*q - 188 = -4*p. Let l = 66 - p. What are the prime factors of l?
2, 11
Let c = 140 - 137. Suppose -c*n = -42 - 504. List the prime factors of n.
2, 7, 13
Suppose 84 = -3*u - 0*u. Let n = 222 + -186. Let q = n + u. What are the prime factors of q?
2
Let j(q) be the third derivative of q**6/120 + q**5/12 - 5*q**4/24 - q**3/2 + 16*q**2. List the prime factors of j(4).
11
Let y(w) be the second derivative of 0 - 1/12*w**4 - 23/2*w**2 - 9*w - 10/3*w**3. List the prime factors of y(-16).
41
Let x be -2 + ((-1188)/1)/(-4). Suppose -x = -26*h + 21*h. What are the prime factors of h?
59
Let u = -225 + 379. Suppose u = 4*z - 2*y, 3*z + 2*z - 212 = -4*y. Suppose 3*k - z = -h, k + 4*k = 20. What are the prime factors of h?
2, 7
Let i be (-2)/(-11) - 60/(-33). Suppose i*r + 8 = 0, -8*r + 4*r = -5*s + 261. What are the prime factors of s?
7
Let x be 2 + 1 + (0 - -2). Let c(q) = q**3 - 6*q**2 + 7*q - 2. Let a be c(x). Suppose -2*f 